
Calculate the highest common factor of 4100 and 65200.
100
Calculate the highest common divisor of 737 and 2277.
11
Calculate the greatest common divisor of 512 and 83208.
8
Calculate the greatest common factor of 33 and 296923.
11
What is the greatest common factor of 1219 and 10229?
53
Calculate the highest common divisor of 48741 and 935.
11
Calculate the greatest common divisor of 375175 and 25.
25
What is the highest common divisor of 43078 and 1904?
238
Calculate the highest common divisor of 298287 and 828.
207
What is the greatest common factor of 4043 and 75573?
311
What is the greatest common divisor of 465457 and 3?
1
What is the highest common divisor of 26158 and 255266?
902
Calculate the greatest common divisor of 846 and 13066.
94
Calculate the highest common factor of 403622 and 406.
58
What is the greatest common divisor of 14 and 831586?
14
What is the highest common divisor of 1498 and 16534?
14
Calculate the highest common factor of 811 and 255.
1
Calculate the greatest common divisor of 2915 and 495.
55
Calculate the greatest common factor of 1462 and 52989.
17
Calculate the greatest common factor of 23941 and 2152.
269
Calculate the highest common factor of 929 and 4.
1
What is the highest common factor of 25888 and 272?
16
Calculate the greatest common factor of 5313 and 3696.
231
What is the highest common factor of 80 and 18280?
40
Calculate the highest common divisor of 3465 and 159075.
315
What is the greatest common factor of 134 and 151688?
134
Calculate the highest common factor of 5512 and 20087.
53
Calculate the greatest common factor of 1243056 and 798.
114
What is the highest common factor of 32 and 29033?
1
What is the greatest common factor of 52 and 1112?
4
Calculate the greatest common factor of 16371 and 2907.
153
Calculate the highest common divisor of 50655 and 4059.
33
Calculate the highest common divisor of 1044310 and 4930.
170
Calculate the greatest common factor of 1952500 and 30.
10
What is the greatest common divisor of 1343 and 816?
17
What is the greatest common divisor of 50609 and 238?
17
What is the highest common factor of 2750 and 69250?
250
Calculate the greatest common factor of 180 and 142173.
9
Calculate the greatest common factor of 116358 and 17138.
902
What is the greatest common factor of 12250 and 91?
7
Calculate the highest common divisor of 357 and 9723.
21
Calculate the greatest common factor of 9996 and 14700.
588
Calculate the greatest common factor of 1225200 and 24.
24
What is the greatest common divisor of 6662763 and 81?
27
What is the greatest common divisor of 21823 and 1807?
139
What is the highest common factor of 247 and 8229?
13
What is the highest common factor of 72 and 738216?
72
What is the greatest common divisor of 295 and 175?
5
What is the highest common divisor of 388772 and 1494?
166
What is the greatest common divisor of 1712 and 10807?
107
What is the greatest common divisor of 484272 and 4560?
912
What is the greatest common factor of 80 and 521470?
10
What is the highest common divisor of 99870 and 510?
30
What is the greatest common factor of 2765 and 61225?
395
Calculate the highest common factor of 963 and 1044.
9
What is the greatest common divisor of 467 and 4947398?
467
Calculate the greatest common divisor of 33660 and 54.
18
What is the highest common divisor of 136 and 417452?
68
Calculate the greatest common divisor of 14 and 32340.
14
What is the greatest common divisor of 99421 and 98?
49
Calculate the highest common divisor of 15264 and 6148.
212
What is the greatest common divisor of 610 and 3294?
122
What is the greatest common divisor of 474 and 1188476?
158
Calculate the greatest common divisor of 28 and 124348.
28
What is the highest common factor of 24 and 163074?
6
Calculate the highest common factor of 144 and 3636.
36
Calculate the greatest common divisor of 368 and 19504.
368
What is the greatest common divisor of 248 and 163308?
124
Calculate the highest common factor of 1024 and 2456.
8
Calculate the greatest common divisor of 19112 and 16.
8
What is the greatest common factor of 1120 and 27010?
10
What is the greatest common divisor of 5760 and 23400?
360
Calculate the highest common divisor of 695394 and 28.
14
What is the highest common divisor of 488357 and 19?
19
What is the highest common factor of 1218 and 4410?
42
Calculate the greatest common divisor of 8802 and 44.
2
What is the highest common factor of 1071 and 1732500?
63
What is the highest common divisor of 33130 and 10?
10
What is the highest common divisor of 13 and 2363257?
13
What is the highest common factor of 4320 and 67520?
160
Calculate the greatest common divisor of 58959 and 36.
9
Calculate the greatest common divisor of 1754000 and 1200.
400
Calculate the highest common factor of 114666 and 10.
2
What is the highest common divisor of 198297 and 4059?
99
Calculate the greatest common factor of 17575 and 22325.
475
Calculate the greatest common divisor of 98 and 538972.
14
Calculate the highest common divisor of 56 and 6308.
4
What is the highest common factor of 3356794 and 392?
98
Calculate the greatest common factor of 40663 and 8806.
259
Calculate the highest common factor of 484539 and 33.
33
What is the highest common factor of 270 and 326970?
270
Calculate the greatest common divisor of 114 and 13851.
57
What is the highest common divisor of 3762 and 1767?
57
What is the greatest common divisor of 107 and 310835?
107
Calculate the highest common divisor of 9170 and 675.
5
What is the greatest common divisor of 291540 and 226?
226
Calculate the highest common divisor of 242 and 35596.
22
What is the highest common factor of 57 and 154299?
57
What is the highest common factor of 17840 and 360?
40
Calculate the highest common divisor of 63732 and 104412.
1356
Calculate the highest common divisor of 36992 and 340.
68
What is the highest common divisor of 676925 and 225?
25
Calculate the greatest common divisor of 168 and 237090.
42
Calculate the highest common factor of 36 and 135288.
36
Calculate the highest common factor of 1098 and 44652.
366
Calculate the greatest common factor of 31278 and 78.
78
Calculate the greatest common divisor of 47547 and 180.
9
Calculate the greatest common factor of 5890 and 3686.
38
What is the highest common divisor of 3874532 and 1028?
1028
What is the highest common divisor of 2248 and 34?
2
What is the greatest common factor of 12744 and 75992?
472
What is the greatest common factor of 146232 and 54?
54
What is the greatest common divisor of 153 and 299115?
153
Calculate the highest common divisor of 86445 and 425.
85
Calculate the greatest common divisor of 363 and 64735.
121
Calculate the highest common divisor of 57472 and 27838.
898
What is the greatest common divisor of 3674 and 161990?
334
What is the greatest common divisor of 180 and 977380?
20
What is the greatest common divisor of 94 and 57096?
2
What is the highest common factor of 675 and 337275?
225
Calculate the highest common factor of 60500 and 625.
125
Calculate the greatest common factor of 435 and 2670.
15
Calculate the highest common factor of 47515 and 40.
5
What is the greatest common factor of 830585 and 1995?
665
Calculate the greatest common factor of 466880 and 640.
320
Calculate the highest common factor of 87408 and 2304.
144
What is the greatest common factor of 205226 and 14385?
959
What is the greatest common divisor of 86424 and 6864?
312
Calculate the highest common divisor of 21073 and 13.
13
Calculate the greatest common divisor of 269955 and 25.
5
Calculate the greatest common divisor of 2811 and 1140329.
937
What is the highest common factor of 6745 and 665?
95
Calculate the highest common divisor of 2108 and 8721.
17
Calculate the greatest common factor of 22406 and 306.
34
What is the greatest common divisor of 4774 and 1386?
154
What is the highest common divisor of 18079 and 2864?
179
What is the highest common factor of 11 and 473?
11
What is the highest common factor of 6606 and 135790?
734
What is the highest common divisor of 880 and 1892?
44
What is the highest common factor of 54210 and 6630?
390
What is the greatest common factor of 58 and 70934?
58
What is the greatest common divisor of 9594 and 198?
18
Calcula